False
Let t = 79 + -42. Is t composite?
False
Is (-4)/8*(-596)/2 a prime number?
True
Let u(g) = g**3 - g**2 + 2*g - 1. Suppose -4*f - t + 5 + 1 = 0, 4*t + 6 = -f. Let n be u(f). Is (-1 + 4 + -2)*n a composite number?
False
Suppose m + 88 = 235. Let i = m - 80. Is i a prime number?
True
Let d(j) = -j**2 + j - 6. Let t be d(0). Let a be (t/21)/((-2)/14). Is -1 + a + 1 - -35 prime?
True
Let l(k) be the third derivative of -1/60*k**5 + 5/12*k**4 + 1/3*k**3 - k**2 + 0 + 0*k. Is l(7) prime?
True
Let c be -2*(2 + 3/(-1)). Suppose 84 = c*w + 10. Is w prime?
True
Suppose 0 = -0*z - 2*z + 10. Suppose 3*f = -f. Suppose -4*y = 4*n - 304, -2*n + f*n + 149 = z*y. Is n composite?
True
Suppose -v + 2*l = -2 - 2, -2*l + 4 = 3*v. Let g(h) = 4 + 3*h**2 + 3*h - 1 - 2*h**3 + 0*h**v. Is g(-2) prime?
False
Suppose -5*t + 409 = -76. Let l = 166 - t. Is l a prime number?
False
Let s(d) = 86*d**2 + 1. Let z(g) be the third derivative of -g**6/120 + g**5/15 + g**4/6 + g**3 + 2*g**2. Let n be z(5). Is s(n) composite?
True
Let b(a) = a. Let z(f) = 5*f - 6. Let m(w) = 4*b(w) - z(w). Let p be m(3). Suppose 0 = u - 44 - p. Is u composite?
False
Let i(g) = -g. Let n = 1 + 2. Let v(y) = 13*y - 13. Let l(o) = n*i(o) + v(o). Is l(9) a composite number?
True
Suppose y - 69 = 94. Is y prime?
True
Let a(q) = 3*q - 11. Let w be a(5). Suppose w*l - 424 = -2*n + 7*n, 3*l - 5*n - 318 = 0. Is l a prime number?
False
Suppose -w = 2*w + 84. Is 47/4*-1*w composite?
True
Let f be (-2)/9 + 2976/27. Let c be (-330)/12 + (-2)/(-4). Let k = f + c. Is k composite?
False
Let k be (-2)/11 + 2190/66. Suppose -2*u = -u - k. Is u a prime number?
False
Let s(d) = d**3 + 18*d**2 - 33*d + 21. Is s(-16) a composite number?
False
Let i(s) = 0*s**3 - 2 - 3*s**2 - 2*s**3 - 3*s - s**2. Let b be i(-2). Suppose b*l = 44 + 40. Is l prime?
False
Let p = 225 - 12. Is p prime?
False
Let n be 3/(-9) + (-94)/6. Let g = n + 79. Suppose 0 = -u - 4*r + 2*r + 15, 3*u - 3*r = g. Is u composite?
False
Let m(b) = b**2 - 8*b + 11. Let w be m(9). Suppose 4*a = -w, -2*a - 43 = -4*p + a. Is p a composite number?
False
Suppose -2*k - 2*m + 2 = 0, 5*k - m + 1 = 30. Suppose k = 4*u - 15. Suppose -2*w = -19 + u. Is w prime?
True
Let y(o) = -7*o**3 - 3 + 15*o**3 + 11*o**3 + 4*o. Is y(2) prime?
True
Suppose 5*d = -2*v + 14, -3*d - 4 + 18 = 4*v. Let w(x) = 97*x - 3. Is w(v) a composite number?
False
Let z(y) = 2*y**2 + 3*y + 3. Is z(4) a composite number?
False
Suppose -3*q - 14 = -0*u + 4*u, 0 = 2*u + 5*q. Let l = u + 8. Suppose l*a - 10 - 23 = 0. Is a composite?
False
Let a = 66 - 39. Suppose t - 1 - 2 = 0, l + 2*t - 55 = 0. Suppose 0 = 4*n - a - l. Is n prime?
True
Suppose -4*q - 16 = -4*y, -4*y - 3*q - q = 0. Suppose -y*x + 245 = -81. Is x a composite number?
False
Suppose -t - 4 = 4*q, 8*q - 3*t = 3*q + 12. Is 166*4/8 - q a prime number?
True
Let v be (16/(-4))/(-4) - -5. Suppose -2*k - 4*o = -140, k + 2*o = 2*k - 54. Suppose -v*r + 4*r + k = 0. Is r composite?
False
Suppose -4*z + 6 = -5*y, -3*y + z + 1 + 1 = 0. Suppose y*u + 320 = 1090. Suppose -5*j = -0*j - u. Is j composite?
True
Let u(t) = 3*t**3 - 10*t**2 - 5*t + 5. Is u(9) composite?
True
Suppose -v + 8 = y - 6*v, -4*y + 11 = v. Is (2/4)/(y/66) a composite number?
False
Let o(d) be the first derivative of 5*d**3/3 + d**2 - d + 2. Is o(2) a composite number?
False
Let k(g) = 32*g**2 + 13*g + 21. Is k(-2) prime?
False
Let x(i) = 23*i**2 - i. Let c(q) = q**2. Let h be c(1). Is x(h) a composite number?
True
Suppose 0*p + 2 = p. Is p/(-3) + 2877/9 a prime number?
False
Let u(z) = 20*z**2 + 2*z + 5. Is u(6) a composite number?
True
Suppose 2470 = 5*j - 10*j. Is j/(-14) - (-2)/(-7) a prime number?
False
Let o(x) = x**3 + 9*x**2 + 6*x + 8. Let q be o(-8). Let b = q - 58. Let p = b + 49. Is p a composite number?
True
Let v(m) = -m**2 - 6*m + 10. Let p be v(-7). Suppose 0 = -3*q, 7*c - 16 = p*c + 5*q. Is (-322)/(c/2)*-1 a composite number?
True
Let y be 60/5*6/8. Let a be (516/y + 2)*3. Suppose -o = -2*g + o + a, 2*o - 178 = -2*g. Is g a prime number?
True
Suppose -2*r = 0, -3 = 3*d + r + 3*r. Is -111*d*(-1)/(-1) prime?
False
Suppose 124 = 4*u + h + 35, 0 = -4*h + 4. Suppose -4*j + 274 = -u. Is j prime?
False
Let r(q) = 1522*q + 3. Is r(2) prime?
False
Let x be -11 - (-3 - (-1 - 1)). Let p = 70 + -29. Let v = p + x. Is v prime?
True
Let y(s) = 2*s - 8 - s**3 - 7*s**2 + 0 + 2*s + 1. Suppose 4*z = -4*a - 44, -3*z - a - 35 = z. Is y(z) prime?
False
Is (-401)/(-6) + 6/36 prime?
True
Let v be 0 - 11/(-2)*10. Let u = v + -30. Is u a composite number?
True
Let m(d) = -d**3 - 6*d**2 - 10*d - 10. Is m(-7) a prime number?
True
Suppose 4*k - 460 = 2316. Let h = k - 123. Is h composite?
False
Suppose 3*k - 7359 = -5*n, 5*n - 2*n - 4*k = 4427. Is n a prime number?
False
Suppose -1 = -5*j + 14. Suppose -j*o = -3*r + 72, -6*o = r - 11*o - 36. Suppose r = 3*b - 2*b. Is b prime?
False
Let x(z) = 3*z + 31. Is x(0) a prime number?
True
Let s(p) = 3*p + 14. Let x be s(-8). Let q(c) = -10*c - 6. Is q(x) composite?
True
Let z(h) = h. Let r be z(-1). Let k be r/((-3)/(-27)*3). Let s = 10 - k. Is s composite?
False
Suppose -7*u + 308 = -3*u. Is u prime?
False
Suppose 4*w - 864 = -4*o, -o - 4*o = -3*w + 672. Suppose s - w = -0*s - 2*b, b - 215 = -s. Is s a prime number?
True
Let j(v) = -10*v**3 + 3*v**2 + 3*v - 3. Let u be j(4). Let s = 1206 + u. Is s a composite number?
True
Let w = 11 + -2. Is w a prime number?
False
Suppose -2*f + 22 = 5*i, 0 = f + 3*i - 12. Suppose 2*h - 160 = f. Let u = h + -46. Is u a composite number?
False
Suppose -3*g = -q - 2901 - 2797, -2*g + 2*q + 3792 = 0. Is g a prime number?
True
Is (1137/12)/(2/8) composite?
False
Suppose 1 + 8 = -3*d, 0 = v - 3*d - 23. Is v composite?
True
Let v = -5 + 5. Suppose -2*f + 193 = -3*h, -f + v*f - 4*h = -69. Is f prime?
True
Let b(i) = -i**2 + 2. Let j be b(2). Let u be (-2)/4 - (-5)/j. Is ((-83)/2)/(u/6) composite?
False
Let b(s) = s**2 - 4*s + 3. Let y be b(4). Suppose o + 4 = 3*o, -5*o = y*n - 184. Is n prime?
False
Is 1059*1 + 8/(-2) a prime number?
False
Suppose 4*f + 17 = 5*y, 0*f + 3*f - 2*y = -4. Let n be (0 - (1 - 1))/f. Suppose n*t + 3*t - 291 = 0. Is t prime?
True
Let q(x) = -x**2 + 3*x + 4. Suppose 5*f = f + 16. Let v be q(f). Suppose 5*l = -2*r + 65, l + v*l + 2*r - 13 = 0. Is l prime?
True
Suppose 0 = 2*j - 4*z - 6 - 4, -z - 15 = 2*j. Suppose 0 = 2*x - 0*x + 4. Is j*21*x/10 composite?
True
Let u be -1 - -32 - (1 - -1). Suppose 4*w + 1 - u = 2*i, -30 = -2*w + 5*i. Suppose -s - 336 + 69 = -w*h, -4*s = h - 45. Is h prime?
True
Suppose x + 2*a - 7 = 3*a, 3*a = -3*x - 9. Let p be 1 + -1 - -2*x. Suppose u + p*h = 55, 5*u - 70 = 3*h + 90. Is u a prime number?
False
Let o = 2 + 0. Suppose s = o*w + 115, 2*s - 7*s + 553 = w. Let j = s - 58. Is j prime?
True
Suppose 0 = -c + 5*c + 812. Let i = -54 - c. Is i a composite number?
False
Let o be 20/2 - (-2 + 2). Let m(f) = -3*f + 11. Let n be m(o). Is (n*(-2 + 1))/1 a prime number?
True
Let a(n) = -1 - n + 2*n**3 - 4*n**2 + 11*n**3 + 3*n**2 - 81*n**3. Is a(-1) a prime number?
True
Let h = 650 - 427. Is h prime?
True
Let m = 19 - 22. Let k(d) = -3*d**3 - 3*d + 4. Is k(m) a composite number?
True
Let p be 11928/20 - (-2)/(-5). Suppose 0 = 6*u - 2*u - p. Is u prime?
True
Suppose -47*z + 45*z + 2228 = 0. Is z prime?
False
Is (226/(-4))/(5/(-20)*1) a prime number?
False
Suppose -5*w + 694 + 226 = 0. Suppose 2*r - i - 4*i - w = 0, r = -3*i + 103. Is r a composite number?
False
Suppose -v = -449 - 110. Is v a prime number?
False
Is ((-11)/4)/((-3)/228) prime?
False
Let i be ((-1 - 0) + 2)*-1. Let y be (i + (-82)/10)*-20. Let k = -117 + y. Is k a prime number?
True
Let x = -300 - -1085. Is x composite?
True
Suppose k + 5*v - 4 = 0, 2*v = 4*v - 2. Let u = -7 - k. Is (-784)/u - (-1)/3 a composite number?
False
Let u(t) = 21*t - 1. Suppose 7*i = 3*i + 48. Let l be 30/i*(-16)/(-10). Is u(l) composite?
False
Let d(i) = -i**3 - 6*i**2 + 4*i - 6. Let b(w) = w**2 + 11*w + 3. Let s be b(-10). Is d(s) prime?
False
Let o(t) = -t**2 + 13. Let n be o(0). Let b = n + -9. Suppose b*y = 223 + 85. Is y prime?
False
Let b(x) = 3*x + 4. Let d(k) = -2*k - 3. Let z be d(-7). Is b(z) prime?
True
Suppose 0 = j - 0 - 3. Let y(c) = -3 + 6 - 5*c**2 - 2*c**3 + j*c - 4. Is y(-4) a prime number?
False
Suppose -2*n = -4*n - 2